{"id":11,"date":"2018-09-24T07:50:07","date_gmt":"2018-09-24T07:50:07","guid":{"rendered":"http:\/\/www.folwarkjelen.pl\/?page_id=11"},"modified":"2026-02-27T14:53:52","modified_gmt":"2026-02-27T14:53:52","slug":"kontakt","status":"publish","type":"page","link":"https:\/\/www.folwarkjelen.pl\/index.php\/kontakt\/","title":{"rendered":"Kontakt"},"content":{"rendered":"\t\t<div data-elementor-type=\"wp-post\" data-elementor-id=\"11\" class=\"elementor elementor-11\">\n\t\t\t\t\t\t<div class=\"elementor-inner\">\n\t\t\t\t<div class=\"elementor-section-wrap\">\n\t\t\t\t\t\t\t\t\t<section class=\"elementor-section elementor-top-section elementor-element elementor-element-166baf8 elementor-section-boxed elementor-section-height-default elementor-section-height-default\" data-id=\"166baf8\" data-element_type=\"section\">\n\t\t\t\t\t\t<div class=\"elementor-container elementor-column-gap-default\">\n\t\t\t\t\t\t\t<div class=\"elementor-row\">\n\t\t\t\t\t<div class=\"elementor-column elementor-col-100 elementor-top-column elementor-element elementor-element-afdeaf9\" data-id=\"afdeaf9\" data-element_type=\"column\">\n\t\t\t<div class=\"elementor-column-wrap elementor-element-populated\">\n\t\t\t\t\t\t\t<div class=\"elementor-widget-wrap\">\n\t\t\t\t\t\t<div class=\"elementor-element elementor-element-1aa5cf0 elementor-widget elementor-widget-text-editor\" data-id=\"1aa5cf0\" data-element_type=\"widget\" data-widget_type=\"text-editor.default\">\n\t\t\t\t<div class=\"elementor-widget-container\">\n\t\t\t\t\t\t\t\t<div class=\"elementor-text-editor elementor-clearfix\">\n\t\t\t\t<p class=\"wb-stl-normal\"><strong>Adres:<\/strong><\/p><p>Agroturystyka &#8222;Folwark Jele\u0144&#8221;<\/p><p>Wodzi\u0142\u00f3wka 10b kolonia. Jele\u0144<\/p><p>19-120 Knyszyn<\/p><p>Dodatkowa prezentacja: <a href=\"http:\/\/meteor-turystyka.pl\/folwarkjelen-wodzilowka,wodzilowka.html\" target=\"_blank\" rel=\"noopener\" data-target=\"true\" data-type=\"url\" data-url=\"http:\/\/meteor-turystyka.pl\/folwarkjelen-wodzilowka,wodzilowka.html\" data-cke-saved-href=\"http:\/\/meteor-turystyka.pl\/folwarkjelen-wodzilowka,wodzilowka.html\">kliknij tutaj.<\/a><\/p><p>Andrzej Januszkiewicz<\/p>\t\t\t\t\t<\/div>\n\t\t\t\t\t\t<\/div>\n\t\t\t\t<\/div>\n\t\t\t\t\t\t<\/div>\n\t\t\t\t\t<\/div>\n\t\t<\/div>\n\t\t\t\t\t\t\t\t<\/div>\n\t\t\t\t\t<\/div>\n\t\t<\/section>\n\t\t\t\t<section class=\"elementor-section elementor-top-section elementor-element elementor-element-4142d82 elementor-section-full_width elementor-section-height-default elementor-section-height-default\" data-id=\"4142d82\" data-element_type=\"section\">\n\t\t\t\t\t\t<div class=\"elementor-container elementor-column-gap-narrow\">\n\t\t\t\t\t\t\t<div class=\"elementor-row\">\n\t\t\t\t\t<div class=\"elementor-column elementor-col-100 elementor-top-column elementor-element elementor-element-21a31a1\" data-id=\"21a31a1\" data-element_type=\"column\">\n\t\t\t<div class=\"elementor-column-wrap elementor-element-populated\">\n\t\t\t\t\t\t\t<div class=\"elementor-widget-wrap\">\n\t\t\t\t\t\t<div class=\"elementor-element elementor-element-4129bcd elementor-widget elementor-widget-text-editor\" data-id=\"4129bcd\" data-element_type=\"widget\" data-widget_type=\"text-editor.default\">\n\t\t\t\t<div class=\"elementor-widget-container\">\n\t\t\t\t\t\t\t\t<div class=\"elementor-text-editor elementor-clearfix\">\n\t\t\t\t<p class=\"wb-stl-normal\"><strong>Telefon:<\/strong><\/p><p class=\"wb-stl-normal\">+48 790 473 237\u00a0 \u00a0 +48 570 149 402<\/p><p class=\"wb-stl-normal\"><strong>E-mail:<\/strong><\/p><p class=\"wb-stl-normal\"><a href=\"2\/\" data-type=\"url\" data-url=\"2\/\" data-cke-saved-href=\"2\/\"><strong>andrzej@folwarkjelen.pl<\/strong><\/a><\/p>\t\t\t\t\t<\/div>\n\t\t\t\t\t\t<\/div>\n\t\t\t\t<\/div>\n\t\t\t\t\t\t<\/div>\n\t\t\t\t\t<\/div>\n\t\t<\/div>\n\t\t\t\t\t\t\t\t<\/div>\n\t\t\t\t\t<\/div>\n\t\t<\/section>\n\t\t\t\t<section class=\"elementor-section elementor-top-section elementor-element elementor-element-b4180ff elementor-section-boxed elementor-section-height-default elementor-section-height-default\" data-id=\"b4180ff\" data-element_type=\"section\">\n\t\t\t\t\t\t<div class=\"elementor-container elementor-column-gap-default\">\n\t\t\t\t\t\t\t<div class=\"elementor-row\">\n\t\t\t\t\t<div class=\"elementor-column elementor-col-100 elementor-top-column elementor-element elementor-element-635f004\" data-id=\"635f004\" data-element_type=\"column\">\n\t\t\t<div class=\"elementor-column-wrap elementor-element-populated\">\n\t\t\t\t\t\t\t<div class=\"elementor-widget-wrap\">\n\t\t\t\t\t\t<div class=\"elementor-element elementor-element-f5bf0e8 elementor-widget elementor-widget-google_maps\" data-id=\"f5bf0e8\" data-element_type=\"widget\" data-widget_type=\"google_maps.default\">\n\t\t\t\t<div class=\"elementor-widget-container\">\n\t\t\t\t\t<div class=\"elementor-custom-embed\">\n\t\t\t<iframe frameborder=\"0\" scrolling=\"no\" marginheight=\"0\" marginwidth=\"0\"\n\t\t\t\t\tsrc=\"https:\/\/maps.google.com\/maps?q=folwark%20jele%C5%84&#038;t=m&#038;z=12&#038;output=embed&#038;iwloc=near\"\n\t\t\t\t\ttitle=\"folwark jele\u0144\"\n\t\t\t\t\taria-label=\"folwark jele\u0144\"\n\t\t\t><\/iframe>\n\t\t<\/div>\n\t\t\t\t<\/div>\n\t\t\t\t<\/div>\n\t\t\t\t\t\t<\/div>\n\t\t\t\t\t<\/div>\n\t\t<\/div>\n\t\t\t\t\t\t\t\t<\/div>\n\t\t\t\t\t<\/div>\n\t\t<\/section>\n\t\t\t\t\t\t\t\t\t<\/div>\n\t\t\t<\/div>\n\t\t\t\t\t<\/div>\n\t\t","protected":false},"excerpt":{"rendered":"<p>Adres: Agroturystyka &#8222;Folwark Jele\u0144&#8221; Wodzi\u0142\u00f3wka 10b kolonia. Jele\u0144 19-120 Knyszyn Dodatkowa prezentacja: kliknij tutaj. Andrzej Januszkiewicz Telefon: +48 790 473 237\u00a0 \u00a0 +48 570 149 402 E-mail: andrzej@folwarkjelen.pl<\/p>\n","protected":false},"author":1,"featured_media":0,"parent":0,"menu_order":0,"comment_status":"closed","ping_status":"closed","template":"","meta":[],"_links":{"self":[{"href":"https:\/\/www.folwarkjelen.pl\/index.php\/wp-json\/wp\/v2\/pages\/11"}],"collection":[{"href":"https:\/\/www.folwarkjelen.pl\/index.php\/wp-json\/wp\/v2\/pages"}],"about":[{"href":"https:\/\/www.folwarkjelen.pl\/index.php\/wp-json\/wp\/v2\/types\/page"}],"author":[{"embeddable":true,"href":"https:\/\/www.folwarkjelen.pl\/index.php\/wp-json\/wp\/v2\/users\/1"}],"replies":[{"embeddable":true,"href":"https:\/\/www.folwarkjelen.pl\/index.php\/wp-json\/wp\/v2\/comments?post=11"}],"version-history":[{"count":15,"href":"https:\/\/www.folwarkjelen.pl\/index.php\/wp-json\/wp\/v2\/pages\/11\/revisions"}],"predecessor-version":[{"id":619,"href":"https:\/\/www.folwarkjelen.pl\/index.php\/wp-json\/wp\/v2\/pages\/11\/revisions\/619"}],"wp:attachment":[{"href":"https:\/\/www.folwarkjelen.pl\/index.php\/wp-json\/wp\/v2\/media?parent=11"}],"curies":[{"name":"wp","href":"https:\/\/api.w.org\/{rel}","templated":true}]}}